{"id":4035,"date":"2022-11-25T17:04:34","date_gmt":"2022-11-25T16:04:34","guid":{"rendered":"https:\/\/forumqualenergia.it\/2023\/?page_id=4035"},"modified":"2023-12-09T17:16:11","modified_gmt":"2023-12-09T16:16:11","slug":"leitwind","status":"publish","type":"page","link":"https:\/\/forumqualenergia.it\/2023\/leitwind\/","title":{"rendered":"Leitwind"},"content":{"rendered":"<p>[vc_row][vc_column][vc_single_image image=&#8221;5759&#8243;][vc_separator][\/vc_column][\/vc_row][vc_row][vc_column][vc_column_text]E\u2019 nel cuore delle Alpi, a Vipiteno, un piccolo borgo nella provincia di Bolzano, che ha inizio la storia di successo di LEITWIND, l\u2019unico produttore italiano di impianti eolici di classe Megawatt.<br \/>\nLEITWIND fa parte del Gruppo HTI, gruppo specializzato nell\u2019ambito delle tecnologie invernali (funivie, battipista e impianti di innevamento), che negli ultimi anni, grazie ad uno strategico percorso di diversificazione, si \u00e8 affacciata con i suoi prodotti anche in nuovi settori di mercato, come la mobilit\u00e0 urbana, i veicoli cingolati e le turbine idroelettriche.<br \/>\nGrazie alla diversificazione delle competenze del Gruppo HTI e alla piena condivisione della filosofia produttiva e del patrimonio tecnologico, vengono mantenuti in ogni settore elevati standard qualitativi e di affidabilit\u00e0, riconosciuti in tutto il mondo.<br \/>\nLa storia di LEITWIND inizia nel 2003, quando l&#8217;azienda Leitner S.p.A ha fatto il suo ingresso nel settore degli aerogeneratori con il marchio LEITWIND, sfruttando l&#8217;esperienza maturata nello sviluppo in-house del sistema di azionamento a presa diretta, il Direct Drive. Oggi, con oltre due decenni di esperienza nella costruzione e installazione di aerogeneratori brevettati con azionamento diretto e generatore sincrono a magneti permanenti, LEITWIND pu\u00f2 vantare un portafoglio di oltre 400 aerogeneratori installati in tutto il mondo, di cui 200 con un contratto di assistenza e manutenzione attivo.<br \/>\nLEITWIND offre un\u2019ampia gamma di prodotti con potenze nominali che spaziano dai 250 ai 3000 kW e con diametri rotori da 42 a 101 metri. La strategia dell\u2019azienda \u00e8 quella di differenziarsi dai grandi produttori, puntando alla realizzazione di progetti customizzati, volti a adattarsi alle esigenze specifiche del cliente e del mercato con l\u2019obiettivo di fornire la soluzione perfetta per qualsiasi sito.<br \/>\nSebbene il suo core market principale sia l&#8217;Europa, dove sono installate met\u00e0 delle sue turbine eoliche,<br \/>\nLEITWIND ha deciso di investire maggiormente in Italia inaugurando nel 2020 una nuova filiale operativa in provincia di Avellino con l\u2019obiettivo di garantire un rapido dispiegamento dei team di assistenza e di fornire soluzioni sempre pi\u00f9 sostenibili dato che in questa sede hanno luogo le attivit\u00e0 di rigenerazione componenti.<br \/>\nNonostante le sfide burocratiche e autorizzative che caratterizzano il settore eolico italiano, LEITWIND<br \/>\ncontinua a mantenere un impegno costante nella ricerca e sviluppo (R&amp;S) cos\u00ec da offrire soluzioni sempre pi\u00f9 performanti e innovative ai propri clienti con l\u2019obiettivo di fornire tecnologie all&#8217;avanguardia che contribuiscano all&#8217;accelerazione della transizione ecologica verso un futuro energetico sostenibile.<br \/>\nPer esempio, ha recentemente installato la prima LTW80 500 kW, configurazione studiata per rientrare in processi autorizzativi pi\u00f9 rapidi e l&#8217;azienda \u00e8 da sempre impegnata nello studio di prodotti progettati per la produzione decentralizzata di energia, per l&#8217;autoconsumo di piccole e medie imprese, nonch\u00e9 per le Comunit\u00e0 di Energia Rinnovabile (CER), contribuendo cos\u00ec alla sostenibilit\u00e0 ed indipendenza energetica delle citt\u00e0 e delle comunit\u00e0 locali. Questo approccio consente di consumare l&#8217;energia direttamente sul posto, evitando cos\u00ec i costi associati alle infrastrutture e riducendo le perdite di rete.<br \/>\nLEITWIND \u00e8 un esempio di azienda italiana che sta lasciando un&#8217;impronta positiva nella lotta al cambiamento climatico e nella promozione dell&#8217;energia rinnovabile a livello globale. La sua dedizione all&#8217;innovazione e alla sostenibilit\u00e0 la rendono un attore chiave in un mondo che richiede soluzioni energetiche sempre pi\u00f9 ecosostenibili.[\/vc_column_text][vc_separator][\/vc_column][\/vc_row][vc_row][vc_column width=&#8221;1\/2&#8243;][vc_cta h2=&#8221;Scopri Leitwind&#8221; add_button=&#8221;right&#8221; btn_color=&#8221;om-accent-color-2&#8243; btn_title=&#8221;Company Profile&#8221; btn_link=&#8221;url:https%3A%2F%2Fforumqualenergia.it\/2023%2Fwp-content%2Fuploads%2F2023%2F11%2FLeitwind_CompanyProfile_IT.pdf|target:_blank&#8221;][vc_separator][\/vc_column][vc_column width=&#8221;1\/2&#8243;][vc_cta h2=&#8221;Leitwind e le CER&#8221; add_button=&#8221;right&#8221; btn_color=&#8221;om-accent-color-2&#8243; btn_title=&#8221;Scarica il file&#8221; btn_link=&#8221;url:https%3A%2F%2Fforumqualenergia.it\/2023%2Fwp-content%2Fuploads%2F2023%2F11%2FLeitwind_ComunitaEnergeticheRinnovabili-1.pdf|target:_blank&#8221;][vc_separator][\/vc_column][\/vc_row][vc_row][vc_column][vc_column_text]<\/p>\n<h5>Leitwind: alweays focused on your needs<\/h5>\n<h3>Guarda il video<\/h3>\n<p>[\/vc_column_text][vc_video link=&#8221;https:\/\/www.youtube.com\/watch?v=zbk3Y0orEkQ&amp;list=PLxg8zeR6Dh5bByKo1rgipGkNGdb8zHeN_&amp;index=14&#8243;][vc_separator][\/vc_column][\/vc_row][vc_row][vc_column][vc_column_text]<\/p>\n<h3>Vuoi saperne di pi\u00f9?<\/h3>\n<h3><a href=\"https:\/\/www.leitwind.com\/en\/wind-turbines-leitwind\/1-0.html\" target=\"_blank\" rel=\"noopener\">Visita il sito di Leitwind &gt;<\/a><a href=\"https:\/\/www.consorziobiogas.it\/\">&gt;<\/a><\/h3>\n<p>[\/vc_column_text][\/vc_column][\/vc_row]<\/p>\n","protected":false},"excerpt":{"rendered":"<p>[vc_row][vc_column][vc_single_image image=&#8221;5759&#8243;][vc_separator][\/vc_column][\/vc_row][vc_row][vc_column][vc_column_text]E\u2019 nel cuore delle Alpi, a Vipiteno, un piccolo borgo nella provincia di Bolzano, che ha inizio la storia di successo di LEITWIND, l\u2019unico produttore italiano di impianti eolici di classe Megawatt. LEITWIND fa parte del Gruppo HTI, gruppo specializzato nell\u2019ambito delle tecnologie invernali (funivie, battipista e impianti di innevamento), che negli ultimi anni, [&hellip;]<\/p>\n","protected":false},"author":5,"featured_media":0,"parent":0,"menu_order":0,"comment_status":"closed","ping_status":"closed","template":"","meta":{"footnotes":""},"class_list":["post-4035","page","type-page","status-publish","hentry"],"yoast_head":"<!-- This site is optimized with the Yoast SEO plugin v27.3 - https:\/\/yoast.com\/product\/yoast-seo-wordpress\/ -->\n<title>Leitwind - ForumQualEnergia 2023<\/title>\n<meta name=\"robots\" content=\"index, follow, max-snippet:-1, max-image-preview:large, max-video-preview:-1\" \/>\n<link rel=\"canonical\" href=\"https:\/\/forumqualenergia.it\/2023\/leitwind\/\" \/>\n<meta property=\"og:locale\" content=\"it_IT\" \/>\n<meta property=\"og:type\" content=\"article\" \/>\n<meta property=\"og:title\" content=\"Leitwind - ForumQualEnergia 2023\" \/>\n<meta property=\"og:description\" content=\"[vc_row][vc_column][vc_single_image image=&#8221;5759&#8243;][vc_separator][\/vc_column][\/vc_row][vc_row][vc_column][vc_column_text]E\u2019 nel cuore delle Alpi, a Vipiteno, un piccolo borgo nella provincia di Bolzano, che ha inizio la storia di successo di LEITWIND, l\u2019unico produttore italiano di impianti eolici di classe Megawatt. LEITWIND fa parte del Gruppo HTI, gruppo specializzato nell\u2019ambito delle tecnologie invernali (funivie, battipista e impianti di innevamento), che negli ultimi anni, [&hellip;]\" \/>\n<meta property=\"og:url\" content=\"https:\/\/forumqualenergia.it\/2023\/leitwind\/\" \/>\n<meta property=\"og:site_name\" content=\"ForumQualEnergia 2023\" \/>\n<meta property=\"article:modified_time\" content=\"2023-12-09T16:16:11+00:00\" \/>\n<meta name=\"twitter:card\" content=\"summary_large_image\" \/>\n<meta name=\"twitter:label1\" content=\"Tempo di lettura stimato\" \/>\n\t<meta name=\"twitter:data1\" content=\"3 minuti\" \/>\n<script type=\"application\/ld+json\" class=\"yoast-schema-graph\">{\"@context\":\"https:\\\/\\\/schema.org\",\"@graph\":[{\"@type\":\"WebPage\",\"@id\":\"https:\\\/\\\/forumqualenergia.it\\\/2023\\\/leitwind\\\/\",\"url\":\"https:\\\/\\\/forumqualenergia.it\\\/2023\\\/leitwind\\\/\",\"name\":\"Leitwind - ForumQualEnergia 2023\",\"isPartOf\":{\"@id\":\"https:\\\/\\\/forumqualenergia.it\\\/2023\\\/#website\"},\"datePublished\":\"2022-11-25T16:04:34+00:00\",\"dateModified\":\"2023-12-09T16:16:11+00:00\",\"inLanguage\":\"it-IT\",\"potentialAction\":[{\"@type\":\"ReadAction\",\"target\":[\"https:\\\/\\\/forumqualenergia.it\\\/2023\\\/leitwind\\\/\"]}]},{\"@type\":\"WebSite\",\"@id\":\"https:\\\/\\\/forumqualenergia.it\\\/2023\\\/#website\",\"url\":\"https:\\\/\\\/forumqualenergia.it\\\/2023\\\/\",\"name\":\"ForumQualEnergia 2023\",\"description\":\"Il forum della sostenibilit\u00e0 energetica\",\"publisher\":{\"@id\":\"https:\\\/\\\/forumqualenergia.it\\\/2023\\\/#organization\"},\"potentialAction\":[{\"@type\":\"SearchAction\",\"target\":{\"@type\":\"EntryPoint\",\"urlTemplate\":\"https:\\\/\\\/forumqualenergia.it\\\/2023\\\/?s={search_term_string}\"},\"query-input\":{\"@type\":\"PropertyValueSpecification\",\"valueRequired\":true,\"valueName\":\"search_term_string\"}}],\"inLanguage\":\"it-IT\"},{\"@type\":\"Organization\",\"@id\":\"https:\\\/\\\/forumqualenergia.it\\\/2023\\\/#organization\",\"name\":\"ForumQualEnergia 2023\",\"url\":\"https:\\\/\\\/forumqualenergia.it\\\/2023\\\/\",\"logo\":{\"@type\":\"ImageObject\",\"inLanguage\":\"it-IT\",\"@id\":\"https:\\\/\\\/forumqualenergia.it\\\/2023\\\/#\\\/schema\\\/logo\\\/image\\\/\",\"url\":\"https:\\\/\\\/forumqualenergia.it\\\/2023\\\/wp-content\\\/uploads\\\/sites\\\/24\\\/2025\\\/08\\\/forumqualenergia-logo-2023.png\",\"contentUrl\":\"https:\\\/\\\/forumqualenergia.it\\\/2023\\\/wp-content\\\/uploads\\\/sites\\\/24\\\/2025\\\/08\\\/forumqualenergia-logo-2023.png\",\"width\":600,\"height\":182,\"caption\":\"ForumQualEnergia 2023\"},\"image\":{\"@id\":\"https:\\\/\\\/forumqualenergia.it\\\/2023\\\/#\\\/schema\\\/logo\\\/image\\\/\"}}]}<\/script>\n<!-- \/ Yoast SEO plugin. -->","yoast_head_json":{"title":"Leitwind - ForumQualEnergia 2023","robots":{"index":"index","follow":"follow","max-snippet":"max-snippet:-1","max-image-preview":"max-image-preview:large","max-video-preview":"max-video-preview:-1"},"canonical":"https:\/\/forumqualenergia.it\/2023\/leitwind\/","og_locale":"it_IT","og_type":"article","og_title":"Leitwind - ForumQualEnergia 2023","og_description":"[vc_row][vc_column][vc_single_image image=&#8221;5759&#8243;][vc_separator][\/vc_column][\/vc_row][vc_row][vc_column][vc_column_text]E\u2019 nel cuore delle Alpi, a Vipiteno, un piccolo borgo nella provincia di Bolzano, che ha inizio la storia di successo di LEITWIND, l\u2019unico produttore italiano di impianti eolici di classe Megawatt. LEITWIND fa parte del Gruppo HTI, gruppo specializzato nell\u2019ambito delle tecnologie invernali (funivie, battipista e impianti di innevamento), che negli ultimi anni, [&hellip;]","og_url":"https:\/\/forumqualenergia.it\/2023\/leitwind\/","og_site_name":"ForumQualEnergia 2023","article_modified_time":"2023-12-09T16:16:11+00:00","twitter_card":"summary_large_image","twitter_misc":{"Tempo di lettura stimato":"3 minuti"},"schema":{"@context":"https:\/\/schema.org","@graph":[{"@type":"WebPage","@id":"https:\/\/forumqualenergia.it\/2023\/leitwind\/","url":"https:\/\/forumqualenergia.it\/2023\/leitwind\/","name":"Leitwind - ForumQualEnergia 2023","isPartOf":{"@id":"https:\/\/forumqualenergia.it\/2023\/#website"},"datePublished":"2022-11-25T16:04:34+00:00","dateModified":"2023-12-09T16:16:11+00:00","inLanguage":"it-IT","potentialAction":[{"@type":"ReadAction","target":["https:\/\/forumqualenergia.it\/2023\/leitwind\/"]}]},{"@type":"WebSite","@id":"https:\/\/forumqualenergia.it\/2023\/#website","url":"https:\/\/forumqualenergia.it\/2023\/","name":"ForumQualEnergia 2023","description":"Il forum della sostenibilit\u00e0 energetica","publisher":{"@id":"https:\/\/forumqualenergia.it\/2023\/#organization"},"potentialAction":[{"@type":"SearchAction","target":{"@type":"EntryPoint","urlTemplate":"https:\/\/forumqualenergia.it\/2023\/?s={search_term_string}"},"query-input":{"@type":"PropertyValueSpecification","valueRequired":true,"valueName":"search_term_string"}}],"inLanguage":"it-IT"},{"@type":"Organization","@id":"https:\/\/forumqualenergia.it\/2023\/#organization","name":"ForumQualEnergia 2023","url":"https:\/\/forumqualenergia.it\/2023\/","logo":{"@type":"ImageObject","inLanguage":"it-IT","@id":"https:\/\/forumqualenergia.it\/2023\/#\/schema\/logo\/image\/","url":"https:\/\/forumqualenergia.it\/2023\/wp-content\/uploads\/sites\/24\/2025\/08\/forumqualenergia-logo-2023.png","contentUrl":"https:\/\/forumqualenergia.it\/2023\/wp-content\/uploads\/sites\/24\/2025\/08\/forumqualenergia-logo-2023.png","width":600,"height":182,"caption":"ForumQualEnergia 2023"},"image":{"@id":"https:\/\/forumqualenergia.it\/2023\/#\/schema\/logo\/image\/"}}]}},"_links":{"self":[{"href":"https:\/\/forumqualenergia.it\/2023\/wp-json\/wp\/v2\/pages\/4035","targetHints":{"allow":["GET"]}}],"collection":[{"href":"https:\/\/forumqualenergia.it\/2023\/wp-json\/wp\/v2\/pages"}],"about":[{"href":"https:\/\/forumqualenergia.it\/2023\/wp-json\/wp\/v2\/types\/page"}],"author":[{"embeddable":true,"href":"https:\/\/forumqualenergia.it\/2023\/wp-json\/wp\/v2\/users\/5"}],"replies":[{"embeddable":true,"href":"https:\/\/forumqualenergia.it\/2023\/wp-json\/wp\/v2\/comments?post=4035"}],"version-history":[{"count":0,"href":"https:\/\/forumqualenergia.it\/2023\/wp-json\/wp\/v2\/pages\/4035\/revisions"}],"wp:attachment":[{"href":"https:\/\/forumqualenergia.it\/2023\/wp-json\/wp\/v2\/media?parent=4035"}],"curies":[{"name":"wp","href":"https:\/\/api.w.org\/{rel}","templated":true}]}}